{"id":8,"date":"2019-12-25T11:07:03","date_gmt":"2019-12-25T11:07:03","guid":{"rendered":"https:\/\/amigosdelcentenillo.org\/?page_id=8"},"modified":"2019-12-30T09:07:07","modified_gmt":"2019-12-30T09:07:07","slug":"acerca-de","status":"publish","type":"page","link":"https:\/\/amigosdelcentenillo.org\/?page_id=8","title":{"rendered":"Acerca de"},"content":{"rendered":"\n<p>La Asociaci\u00f3n Amigos de El Centenillo es una entidad fundada en El Centenillo el 27 de septiembre de 2004. <br><br>Es una entidad sin \u00e1nimo de lucro.<br><br>Est\u00e1 inscrita en el Registro de Asociaciones de Andaluc\u00eda con el n\u00famero 3521 de la Secci\u00f3n Primera de Asociaciones<br><br><br>Correo electr\u00f3nico<br>                             amigosdelcentenillo@gmail.com<br><br>Direcci\u00f3n<br>                              Calle Hortalizas 1. C.P. 23214   El Centenillo. Ja\u00e9n. <br><br>Cuenta bancaria<br>                               Caja Rural de Ja\u00e9n   <br>                               IBAN: ES87 3067 0133 81 3300499229<br> <br>CIF G23530785  <\/p>\n","protected":false},"excerpt":{"rendered":"<p>La Asociaci\u00f3n Amigos de El Centenillo es una entidad fundada en El Centenillo el 27 de septiembre de 2004. Es una entidad sin \u00e1nimo de lucro. Est\u00e1 inscrita en el Registro de Asociaciones de Andaluc\u00eda con el n\u00famero 3521 de &hellip; <a href=\"https:\/\/amigosdelcentenillo.org\/?page_id=8\">Sigue leyendo <span class=\"meta-nav\">&rarr;<\/span><\/a><\/p>\n","protected":false},"author":1,"featured_media":0,"parent":0,"menu_order":0,"comment_status":"closed","ping_status":"closed","template":"","meta":{"ngg_post_thumbnail":0,"footnotes":""},"class_list":["post-8","page","type-page","status-publish","hentry"],"_links":{"self":[{"href":"https:\/\/amigosdelcentenillo.org\/index.php?rest_route=\/wp\/v2\/pages\/8","targetHints":{"allow":["GET"]}}],"collection":[{"href":"https:\/\/amigosdelcentenillo.org\/index.php?rest_route=\/wp\/v2\/pages"}],"about":[{"href":"https:\/\/amigosdelcentenillo.org\/index.php?rest_route=\/wp\/v2\/types\/page"}],"author":[{"embeddable":true,"href":"https:\/\/amigosdelcentenillo.org\/index.php?rest_route=\/wp\/v2\/users\/1"}],"replies":[{"embeddable":true,"href":"https:\/\/amigosdelcentenillo.org\/index.php?rest_route=%2Fwp%2Fv2%2Fcomments&post=8"}],"version-history":[{"count":3,"href":"https:\/\/amigosdelcentenillo.org\/index.php?rest_route=\/wp\/v2\/pages\/8\/revisions"}],"predecessor-version":[{"id":119,"href":"https:\/\/amigosdelcentenillo.org\/index.php?rest_route=\/wp\/v2\/pages\/8\/revisions\/119"}],"wp:attachment":[{"href":"https:\/\/amigosdelcentenillo.org\/index.php?rest_route=%2Fwp%2Fv2%2Fmedia&parent=8"}],"curies":[{"name":"wp","href":"https:\/\/api.w.org\/{rel}","templated":true}]}}